{"id":376,"date":"2021-02-22T08:44:04","date_gmt":"2021-02-22T07:44:04","guid":{"rendered":"https:\/\/www.stoffekontor.de\/blog\/glossary\/"},"modified":"2025-08-22T14:56:28","modified_gmt":"2025-08-22T12:56:28","slug":"lexikon","status":"publish","type":"page","link":"https:\/\/www.stoffekontor.de\/blog\/lexikon\/","title":{"rendered":"N\u00e4hlexikon"},"content":{"rendered":"<div id=\"ez-toc-container\" class=\"ez-toc-v2_0_80 counter-hierarchy ez-toc-counter ez-toc-custom ez-toc-container-direction\">\n<div class=\"ez-toc-title-container\">\n<p class=\"ez-toc-title\" style=\"cursor:inherit\">Inhalt<\/p>\n<span class=\"ez-toc-title-toggle\"><a href=\"#\" class=\"ez-toc-pull-right ez-toc-btn ez-toc-btn-xs ez-toc-btn-default ez-toc-toggle\" aria-label=\"Toggle Table of Content\"><span class=\"ez-toc-js-icon-con\"><span class=\"\"><span class=\"eztoc-hide\" style=\"display:none;\">Toggle<\/span><span class=\"ez-toc-icon-toggle-span\"><svg style=\"fill: #3d0b32;color:#3d0b32\" xmlns=\"http:\/\/www.w3.org\/2000\/svg\" class=\"list-377408\" width=\"20px\" height=\"20px\" viewBox=\"0 0 24 24\" fill=\"none\"><path d=\"M6 6H4v2h2V6zm14 0H8v2h12V6zM4 11h2v2H4v-2zm16 0H8v2h12v-2zM4 16h2v2H4v-2zm16 0H8v2h12v-2z\" fill=\"currentColor\"><\/path><\/svg><svg style=\"fill: #3d0b32;color:#3d0b32\" class=\"arrow-unsorted-368013\" xmlns=\"http:\/\/www.w3.org\/2000\/svg\" width=\"10px\" height=\"10px\" viewBox=\"0 0 24 24\" version=\"1.2\" baseProfile=\"tiny\"><path d=\"M18.2 9.3l-6.2-6.3-6.2 6.3c-.2.2-.3.4-.3.7s.1.5.3.7c.2.2.4.3.7.3h11c.3 0 .5-.1.7-.3.2-.2.3-.5.3-.7s-.1-.5-.3-.7zM5.8 14.7l6.2 6.3 6.2-6.3c.2-.2.3-.5.3-.7s-.1-.5-.3-.7c-.2-.2-.4-.3-.7-.3h-11c-.3 0-.5.1-.7.3-.2.2-.3.5-.3.7s.1.5.3.7z\"\/><\/svg><\/span><\/span><\/span><\/a><\/span><\/div>\n<nav><ul class='ez-toc-list ez-toc-list-level-1 ' ><li class='ez-toc-page-1 ez-toc-heading-level-2'><a class=\"ez-toc-link ez-toc-heading-1\" href=\"https:\/\/www.stoffekontor.de\/blog\/lexikon\/#dein-naehlexikon-stoffwissen-das-begeistert\" >Dein N\u00e4hlexikon Stoffwissen, das begeistert<\/a><ul class='ez-toc-list-level-3' ><li class='ez-toc-heading-level-3'><a class=\"ez-toc-link ez-toc-heading-2\" href=\"https:\/\/www.stoffekontor.de\/blog\/lexikon\/#warum-ein-naehlexikon\" >Warum ein N\u00e4hlexikon?<\/a><\/li><li class='ez-toc-page-1 ez-toc-heading-level-3'><a class=\"ez-toc-link ez-toc-heading-3\" href=\"https:\/\/www.stoffekontor.de\/blog\/lexikon\/#was-du-hier-findest\" >Was Du hier findest<\/a><\/li><li class='ez-toc-page-1 ez-toc-heading-level-3'><a class=\"ez-toc-link ez-toc-heading-4\" href=\"https:\/\/www.stoffekontor.de\/blog\/lexikon\/#und-falls-dir-noch-was-fehlt%e2%80%a6\" >Und falls Dir noch was fehlt&#8230;<\/a><\/li><\/ul><\/li><\/ul><\/nav><\/div>\n<p>[et_pb_section][et_pb_row][et_pb_column type=&#8220;4_4&#8243;][et_pb_text]<\/p>\n<h2 data-start=\"197\" data-end=\"244\"><span class=\"ez-toc-section\" id=\"dein-naehlexikon-stoffwissen-das-begeistert\"><\/span>Dein N\u00e4hlexikon: Stoffwissen, das begeistert<span class=\"ez-toc-section-end\"><\/span><\/h2>\n<p data-start=\"246\" data-end=\"504\">Hier bist Du genau richtig, wenn Du Dich fragst: \u201eWas genau ist eigentlich Double Gauze?\u201c oder \u201eWoran erkenne ich hochwertigen Jersey?\u201c<br data-start=\"381\" data-end=\"384\" \/>Unser N\u00e4hlexikon ist f\u00fcr Dich da \u2013 egal, ob Du gerade erst mit dem N\u00e4hen beginnst oder schon lange im Stoff-Fieber bist.<\/p>\n<p data-start=\"506\" data-end=\"739\">Wir erkl\u00e4ren Dir Begriffe aus der Welt des N\u00e4hens so, wie Du sie brauchst: verst\u00e4ndlich, nahbar und mit Liebe zur Sache. Denn wir finden: N\u00e4hen ist mehr als ein Hobby \u2013 es ist Ausdruck, Entspannung und oft auch ein bisschen Therapie.<\/p>\n<p><b><ul class=\"glossary-terms-list\"><li><a href=\"https:\/\/www.stoffekontor.de\/blog\/lexikon\/baumwolle-2\/\">Baumwolle<\/a><\/li><li><a href=\"https:\/\/www.stoffekontor.de\/blog\/lexikon\/baumwollstoff\/\">Baumwollstoff<\/a><\/li><li><a href=\"https:\/\/www.stoffekontor.de\/blog\/lexikon\/buendchen\/\">B\u00fcndchen<\/a><\/li><li><a href=\"https:\/\/www.stoffekontor.de\/blog\/lexikon\/chiffon\/\">Chiffon<\/a><\/li><li><a href=\"https:\/\/www.stoffekontor.de\/blog\/lexikon\/double-gauze\/\">Double Gauze<\/a><\/li><li><a href=\"https:\/\/www.stoffekontor.de\/blog\/lexikon\/fadengebundenes-sticken\/\">Fadengebundenes Sticken (Jacquard stricken)<\/a><\/li><li><a href=\"https:\/\/www.stoffekontor.de\/blog\/lexikon\/fischgrat-muster\/\">Fischgrat-Muster<\/a><\/li><li><a href=\"https:\/\/www.stoffekontor.de\/blog\/lexikon\/gots-siegel\/\">GOTS Siegel<\/a><\/li><li><a href=\"https:\/\/www.stoffekontor.de\/blog\/lexikon\/handarbeitsstoffe\/\">Handarbeitsstoffe<\/a><\/li><li><a href=\"https:\/\/www.stoffekontor.de\/blog\/lexikon\/jersey-und-jersey-stoffe\/\">Jersey und Jersey Stoffe<\/a><\/li><li><a href=\"https:\/\/www.stoffekontor.de\/blog\/lexikon\/leinen\/\">Leinen<\/a><\/li><li><a href=\"https:\/\/www.stoffekontor.de\/blog\/lexikon\/seersucker\/\">Seersucker<\/a><\/li><li><a href=\"https:\/\/www.stoffekontor.de\/blog\/lexikon\/seide\/\">Seide<\/a><\/li><li><a href=\"https:\/\/www.stoffekontor.de\/blog\/lexikon\/stickgarn\/\">Stickgarn<\/a><\/li><li><a href=\"https:\/\/www.stoffekontor.de\/blog\/lexikon\/stickrahmen\/\">Stickrahmen<\/a><\/li><li><a href=\"https:\/\/www.stoffekontor.de\/blog\/lexikon\/strickstoff\/\">Strickstoff<\/a><\/li><li><a href=\"https:\/\/www.stoffekontor.de\/blog\/lexikon\/viskose\/\">Viskose<\/a><\/li><li><a href=\"https:\/\/www.stoffekontor.de\/blog\/lexikon\/webstoff\/\">Webstoff<\/a><\/li><\/ul><\/b><\/p>\n<h3 data-start=\"746\" data-end=\"771\"><span class=\"ez-toc-section\" id=\"warum-ein-naehlexikon\"><\/span>Warum ein N\u00e4hlexikon?<span class=\"ez-toc-section-end\"><\/span><\/h3>\n<p data-start=\"773\" data-end=\"1068\">Ganz einfach: Weil Du beim N\u00e4hen nicht nur mit Stoffen, sondern auch mit ganz sch\u00f6n vielen Fachbegriffen zu tun hast. Manche kennt man, andere wirken erst mal wie eine Geheimsprache. Wir machen Schluss mit Fachchinesisch \u2013 und bringen Dir alle wichtigen Begriffe rund ums N\u00e4hen und Stoffe n\u00e4her.<\/p>\n<h3 data-start=\"1075\" data-end=\"1098\"><span class=\"ez-toc-section\" id=\"was-du-hier-findest\"><\/span>Was Du hier findest<span class=\"ez-toc-section-end\"><\/span><\/h3>\n<p data-start=\"1100\" data-end=\"1215\">Von <strong data-start=\"1104\" data-end=\"1109\">A<\/strong> wie <em data-start=\"1114\" data-end=\"1129\">Anschlagkante<\/em> bis <strong data-start=\"1134\" data-end=\"1139\">Z<\/strong> wie <em data-start=\"1144\" data-end=\"1159\">Zickzackstich<\/em> \u2013 na gut, aktuell noch nicht ganz \u2013 findest Du hier:<\/p>\n<ul data-start=\"1217\" data-end=\"1502\">\n<li data-start=\"1217\" data-end=\"1276\">\n<p data-start=\"1219\" data-end=\"1276\">Stoffarten wie <strong data-start=\"1234\" data-end=\"1247\">Baumwolle<\/strong>, <strong data-start=\"1249\" data-end=\"1259\">Leinen<\/strong> oder <strong data-start=\"1265\" data-end=\"1276\">Viskose<\/strong><\/p>\n<\/li>\n<li data-start=\"1277\" data-end=\"1336\">\n<p data-start=\"1279\" data-end=\"1336\">Besonderheiten wie <strong data-start=\"1298\" data-end=\"1318\">Fischgrat-Muster<\/strong> oder <strong data-start=\"1324\" data-end=\"1336\">Jacquard<\/strong><\/p>\n<\/li>\n<li data-start=\"1337\" data-end=\"1400\">\n<p data-start=\"1339\" data-end=\"1400\">N\u00e4hzubeh\u00f6r wie <strong data-start=\"1354\" data-end=\"1367\">Stickgarn<\/strong>, <strong data-start=\"1369\" data-end=\"1379\">Rahmen<\/strong> oder <strong data-start=\"1385\" data-end=\"1400\">GOTS-Siegel<\/strong><\/p>\n<\/li>\n<li data-start=\"1401\" data-end=\"1502\">\n<p data-start=\"1403\" data-end=\"1502\">Verarbeitungstechniken und Unterschiede zwischen z.\u202fB. <strong data-start=\"1458\" data-end=\"1468\">Jersey<\/strong>, <strong data-start=\"1470\" data-end=\"1485\">Strickstoff<\/strong> und <strong data-start=\"1490\" data-end=\"1502\">Webstoff<\/strong><\/p>\n<\/li>\n<\/ul>\n<h3 data-start=\"1509\" data-end=\"1544\"><span class=\"ez-toc-section\" id=\"und-falls-dir-noch-was-fehlt%e2%80%a6\"><\/span>Und falls Dir noch was fehlt&#8230;<span class=\"ez-toc-section-end\"><\/span><\/h3>\n<p data-start=\"1546\" data-end=\"1738\">\u2026dann sag uns gern Bescheid! Wir erg\u00e4nzen das Lexikon laufend. Schlie\u00dflich n\u00e4hen auch wir mit Herz und Hand \u2013 und wissen, wie sch\u00f6n es ist, wenn man sich in einem Thema richtig zu Hause f\u00fchlt.<\/p>\n<p>&nbsp;<\/p>\n<p>[\/et_pb_text][\/et_pb_column][\/et_pb_row][\/et_pb_section]<\/p>\n","protected":false},"excerpt":{"rendered":"<p><div class=\"et_pb_section et_pb_section_0 et_section_regular\" >\n\t\t\t\t\n\t\t\t\t\n\t\t\t\t\n\t\t\t\t\n\t\t\t\t\n\t\t\t\t\n\t\t\t\t\n\t\t\t\t\n\t\t\t\t\n\t\t\t<\/div><div class=\"et_pb_row et_pb_row_0 et_pb_row_empty\">\n\t\t\t\t\n\t\t\t\t\n\t\t\t\t\n\t\t\t\t\n\t\t\t\t\n\t\t\t<\/div><div class=\"et_pb_module et_pb_text et_pb_text_0  et_pb_text_align_left et_pb_bg_layout_light\">\n\t\t\t\t\n\t\t\t\t\n\t\t\t\t\n\t\t\t\t\n\t\t\t\t\n\t\t\t<\/div> Dein N\u00e4hlexikon: Stoffwissen, das begeistert Hier bist Du genau richtig, wenn Du Dich fragst: \u201eWas genau ist eigentlich Double Gauze?\u201c oder \u201eWoran erkenne ich hochwertigen Jersey?\u201cUnser N\u00e4hlexikon ist f\u00fcr Dich da \u2013 egal, ob Du gerade erst mit dem N\u00e4hen beginnst oder schon lange im Stoff-Fieber bist. Wir erkl\u00e4ren Dir Begriffe aus der Welt [&hellip;]<\/p>\n","protected":false},"author":2,"featured_media":4642,"parent":0,"menu_order":0,"comment_status":"closed","ping_status":"closed","template":"","meta":{"_et_pb_use_builder":"on","_et_pb_old_content":"<h2 data-start=\"197\" data-end=\"244\">Dein N\u00e4hlexikon: Stoffwissen, das begeistert<\/h2><p data-start=\"246\" data-end=\"504\">Hier bist Du genau richtig, wenn Du Dich fragst: \u201eWas genau ist eigentlich Double Gauze?\u201c oder \u201eWoran erkenne ich hochwertigen Jersey?\u201c<br data-start=\"381\" data-end=\"384\" \/>Unser N\u00e4hlexikon ist f\u00fcr Dich da \u2013 egal, ob Du gerade erst mit dem N\u00e4hen beginnst oder schon lange im Stoff-Fieber bist.<\/p><p data-start=\"506\" data-end=\"739\">Wir erkl\u00e4ren Dir Begriffe aus der Welt des N\u00e4hens so, wie Du sie brauchst: verst\u00e4ndlich, nahbar und mit Liebe zur Sache. Denn wir finden: N\u00e4hen ist mehr als ein Hobby \u2013 es ist Ausdruck, Entspannung und oft auch ein bisschen Therapie.<\/p><p><b>[glossary-terms]<\/b><\/p><h3 data-start=\"746\" data-end=\"771\">Warum ein N\u00e4hlexikon?<\/h3><p data-start=\"773\" data-end=\"1068\">Ganz einfach: Weil Du beim N\u00e4hen nicht nur mit Stoffen, sondern auch mit ganz sch\u00f6n vielen Fachbegriffen zu tun hast. Manche kennt man, andere wirken erst mal wie eine Geheimsprache. Wir machen Schluss mit Fachchinesisch \u2013 und bringen Dir alle wichtigen Begriffe rund ums N\u00e4hen und Stoffe n\u00e4her.<\/p><h3 data-start=\"1075\" data-end=\"1098\">Was Du hier findest<\/h3><p data-start=\"1100\" data-end=\"1215\">Von <strong data-start=\"1104\" data-end=\"1109\">A<\/strong> wie <em data-start=\"1114\" data-end=\"1129\">Anschlagkante<\/em> bis <strong data-start=\"1134\" data-end=\"1139\">Z<\/strong> wie <em data-start=\"1144\" data-end=\"1159\">Zickzackstich<\/em> \u2013 na gut, aktuell noch nicht ganz \u2013 findest Du hier:<\/p><ul data-start=\"1217\" data-end=\"1502\"><li data-start=\"1217\" data-end=\"1276\"><p data-start=\"1219\" data-end=\"1276\">Stoffarten wie <strong data-start=\"1234\" data-end=\"1247\">Baumwolle<\/strong>, <strong data-start=\"1249\" data-end=\"1259\">Leinen<\/strong> oder <strong data-start=\"1265\" data-end=\"1276\">Viskose<\/strong><\/p><\/li><li data-start=\"1277\" data-end=\"1336\"><p data-start=\"1279\" data-end=\"1336\">Besonderheiten wie <strong data-start=\"1298\" data-end=\"1318\">Fischgrat-Muster<\/strong> oder <strong data-start=\"1324\" data-end=\"1336\">Jacquard<\/strong><\/p><\/li><li data-start=\"1337\" data-end=\"1400\"><p data-start=\"1339\" data-end=\"1400\">N\u00e4hzubeh\u00f6r wie <strong data-start=\"1354\" data-end=\"1367\">Stickgarn<\/strong>, <strong data-start=\"1369\" data-end=\"1379\">Rahmen<\/strong> oder <strong data-start=\"1385\" data-end=\"1400\">GOTS-Siegel<\/strong><\/p><\/li><li data-start=\"1401\" data-end=\"1502\"><p data-start=\"1403\" data-end=\"1502\">Verarbeitungstechniken und Unterschiede zwischen z.\u202fB. <strong data-start=\"1458\" data-end=\"1468\">Jersey<\/strong>, <strong data-start=\"1470\" data-end=\"1485\">Strickstoff<\/strong> und <strong data-start=\"1490\" data-end=\"1502\">Webstoff<\/strong><\/p><\/li><\/ul><h3 data-start=\"1509\" data-end=\"1544\">Und falls Dir noch was fehlt...<\/h3><p data-start=\"1546\" data-end=\"1738\">\u2026dann sag uns gern Bescheid! Wir erg\u00e4nzen das Lexikon laufend. Schlie\u00dflich n\u00e4hen auch wir mit Herz und Hand \u2013 und wissen, wie sch\u00f6n es ist, wenn man sich in einem Thema richtig zu Hause f\u00fchlt.<\/p><p>\u00a0<\/p>","_et_gb_content_width":"","footnotes":""},"class_list":["post-376","page","type-page","status-publish","has-post-thumbnail","hentry"],"_links":{"self":[{"href":"https:\/\/www.stoffekontor.de\/blog\/wp-json\/wp\/v2\/pages\/376","targetHints":{"allow":["GET"]}}],"collection":[{"href":"https:\/\/www.stoffekontor.de\/blog\/wp-json\/wp\/v2\/pages"}],"about":[{"href":"https:\/\/www.stoffekontor.de\/blog\/wp-json\/wp\/v2\/types\/page"}],"author":[{"embeddable":true,"href":"https:\/\/www.stoffekontor.de\/blog\/wp-json\/wp\/v2\/users\/2"}],"replies":[{"embeddable":true,"href":"https:\/\/www.stoffekontor.de\/blog\/wp-json\/wp\/v2\/comments?post=376"}],"version-history":[{"count":6,"href":"https:\/\/www.stoffekontor.de\/blog\/wp-json\/wp\/v2\/pages\/376\/revisions"}],"predecessor-version":[{"id":4643,"href":"https:\/\/www.stoffekontor.de\/blog\/wp-json\/wp\/v2\/pages\/376\/revisions\/4643"}],"wp:featuredmedia":[{"embeddable":true,"href":"https:\/\/www.stoffekontor.de\/blog\/wp-json\/wp\/v2\/media\/4642"}],"wp:attachment":[{"href":"https:\/\/www.stoffekontor.de\/blog\/wp-json\/wp\/v2\/media?parent=376"}],"curies":[{"name":"wp","href":"https:\/\/api.w.org\/{rel}","templated":true}]}}